24
Let t(i) = i**3 - 51*i**2 + 141*i + 120. Give t(48).
-24
Let v(b) = b**2 + 20*b - 733. What is v(-39)?
8
Let o(j) = 791*j - 846. Calculate o(1).
-55
Let f(x) = -4*x**2 - 323*x + 3332. What is f(-90)?
2
Let o(p) = 2*p + 18. Give o(-42).
-66
Let l(g) = -2*g**2 + 33*g + 602. Give l(28).
-42
Let y(v) = 22*v - 325. What is y(13)?
-39
Let l(g) = -28*g - 230. Calculate l(-9).
22
Let y(g) = 490*g + 4359. Give y(-9).
-51
Let s(h) = -h**3 - 144*h**2 + 262*h + 16979. Give s(-145).
14
Let n(c) = -2*c**3 + 17*c**2 - 50*c + 513. Calculate n(9).
-18
Let p(l) = -39*l**3 - 4*l**2 - 11*l - 7. Give p(-2).
311
Let g(v) = -v**3 - 29*v**2 + 28*v - 40. Give g(-30).
20
Let q(v) = -v**3 - 108*v**2 - 197*v + 1568. Calculate q(-106).
-22
Let k(s) = -1373*s + 5497. Calculate k(4).
5
Let h(o) = -22*o + 1217. Calculate h(52).
73
Let a(l) = 50*l + 347. Calculate a(-5).
97
Let p(w) = 1918*w - 24. Calculate p(0).
-24
Let z(s) = 21*s**2 + 1561*s + 537. Calculate z(-74).
19
Let h(m) = -73*m**3 + 3*m**2 - 3*m - 3. Calculate h(-1).
76
Let z(v) = -2*v**3 - 3*v**2 - 7*v + 20. Give z(2).
-22
Let y(t) = -t**3 + 11*t**2 - 26*t + 17. What is y(9)?
-55
Let j(s) = 6*s**3 - 81*s**2 + 27*s - 87. Determine j(13).
-243
Let w(p) = p**3 + 140*p**2 + 4*p + 220. Calculate w(0).
220
Let n(r) = 991*r + 4933. Determine n(-5).
-22
Let h(w) = w**3 - 38*w**2 + 159*w + 191. Determine h(33).
-7
Let g(j) = -28*j**3 - 11*j**2 - 8*j - 3. What is g(-2)?
193
Let n(g) = g**3 + 14*g**2 - 20*g - 63. Give n(-15).
12
Let t(d) = -4*d**2 + 22*d + 129. Calculate t(-6).
-147
Let x(h) = -h**2 - 16*h + 66. Determine x(-18).
30
Let c(h) = -h**2 + 35*h - 269. Calculate c(25).
-19
Let v(m) = -15*m - 320. Determine v(-22).
10
Let u(t) = t**3 - 43*t**2 + 88*t - 188. What is u(41)?
58
Let d(t) = -67*t + 1603. What is d(24)?
-5
Let u(g) = -g**3 + 110*g**2 - 417*g - 752. Determine u(106).
-10
Let i(n) = -45*n - 395. Give i(-10).
55
Let m(g) = g**2 + 3*g + 15. What is m(-7)?
43
Let f(c) = -2269*c - 6709. Calculate f(-3).
98
Let u(y) = 3*y**2 + 74*y - 47. Give u(-22).
-223
Let j(g) = 10*g**2 + 13*g - 13. Give j(1).
10
Let v(f) = 51*f + 51. Calculate v(0).
51
Let j(h) = 178*h**3 + 2*h**2 - 4*h. Calculate j(1).
176
Let r(d) = -d**3 - 15*d**2 - 22*d + 20. Give r(-13).
-32
Let c(i) = -11*i**2 - 93*i - 161. What is c(-6)?
1
Let c(q) = -72*q**2 + 26*q - 1. What is c(1)?
-47
Let z(w) = 2*w**3 + 7*w**2 - 79*w - 9. Give z(-9).
-189
Let j(w) = -55*w - 25. What is j(-1)?
30
Let r(k) = -220*k + 22010. Calculate r(100).
10
Let q(i) = 16*i - 166. Determine q(12).
26
Let n(z) = -11*z - 397. What is n(-31)?
-56
Let r(t) = 206*t + 197. Calculate r(-3).
-421
Let j(l) = -19*l**2 - 74*l - 12. Determine j(-4).
-20
Let z(r) = 2*r**3 - 194*r**2 + 2038*r + 168. What is z(85)?
-2
Let o(b) = 75*b + 161. Calculate o(-2).
11
Let v(i) = i**3 + 13*i**2 + 12*i + 19. Give v(-13).
-137
Let l(z) = -5*z**2 + 23*z + 50. Determine l(7).
-34
Let v(j) = -3*j**3 - 104*j**2 - 79*j - 157. Give v(-34).
217
Let u(d) = -6*d + 81. Give u(-6).
117
Let h(t) = 2*t**2 - 5*t - 29. Determine h(7).
34
Let l(j) = 18*j - 38. Give l(3).
16
Let p(m) = -3*m**2 - 109*m + 303. Determine p(-39).
-9
Let s(v) = -30*v + 143. What is s(0)?
143
Let o(m) = -30*m - 444. Determine o(-25).
306
Let w(m) = -15*m + 19. Determine w(-3).
64
Let z(b) = 869*b + 29554. Determine z(-34).
8
Let h(w) = 334*w - 85496. Calculate h(256).
8
Let q(w) = -w**3 + 8*w**2 - 46*w + 12. What is q(10)?
-648
Let b(v) = 2*v**2 + 27*v. Calculate b(-7).
-91
Let p(q) = -5*q**2 - 161*q - 14. Determine p(-32).
18
Let m(n) = -n**3 - 9*n**2 + 113*n + 67. Calculate m(8).
-117
Let x(b) = b**3 - 38*b**2 + 24*b + 67. Calculate x(38).
979
Let n(o) = -o**3 - 30*o**2 - 62*o - 137. Determine n(-28).
31
Let a(j) = -j**3 + 14*j**2 + 47*j - 23. What is a(9)?
805
Let m(y) = -52*y**2 - 2913*y - 66. Calculate m(-56).
-10
Let q(u) = 2*u**3 - 40*u**2 + 19*u + 384. Determine q(19).
23
Let o(j) = -j**2 + 33*j - 87. Give o(10).
143
Let a(x) = 5*x**3 - 9*x**2 - 18*x + 33. What is a(2)?
1
Let u(a) = -58*a + 1649. Give u(21).
431
Let u(n) = 64*n - 2488. Determine u(39).
8
Let o(s) = 32*s + 210. What is o(-4)?
82
Let l(i) = i**2 - 250*i + 4786. Determine l(21).
-23
Let a(s) = -21*s**2 + 378*s - 12. Calculate a(18).
-12
Let d(c) = -c**3 - 11*c**2 - 2*c + 55. What is d(-10)?
-25
Let x(p) = p**3 + 43*p**2 + p + 10. What is x(-43)?
-33
Let u(m) = m**3 + 5*m**2 + 5*m + 28. Determine u(-5).
3
Let k(y) = -830*y + 1653. Calculate k(2).
-7
Let j(y) = 69*y - 16302. What is j(236)?
-18
Let n(a) = -12*a + 452. Determine n(37).
8
Let p(f) = -2*f**3 + 7*f**2 + 24*f + 31. Determine p(8).
-353
Let a(j) = 34*j + 330. Give a(-9).
24
Let g(s) = 287*s - 1967. Give g(6).
-245
Let u(p) = 25*p**2 + 265*p + 48. What is u(-10)?
-102
Let z(d) = -9*d - 163. What is z(-16)?
-19
Let m(v) = -3*v**3 - 33*v**2 + 106*v - 9. What is m(-14)?
271
Let o(h) = -55*h**3 - 2*h**2 + 10*h - 9. Calculate o(1).
-56
Let k(o) = -4*o**3 + 11*o**2 + 5*o - 12. Give k(3).
-6
Let u(q) = 2*q**2 + 41*q + 164. Calculate u(-6).
-10
Let k(c) = -7*c**2 - 272*c + 86. Give k(-39).
47
Let h(r) = 9*r + 523. Calculate h(-71).
-116
Let j(b) = -976*b - 318175. Give j(-326).
1
Let v(d) = 100*d - 1563. Determine v(16).
37
Let f(d) = 4*d**2 - 55*d - 37. Calculate f(17).
184
Let t(w) = 2*w**3 - 75*w**2 + 106*w + 56. Determine t(36).
-16
Let x(w) = -16*w**2 - 621*w + 50. Determine x(-39).
-67
Let m(a) = 2*a**3 - 51*a**2 - 410*a - 195. Give m(32).
-3
Let r(d) = 2*d**3 - 9*d**2 - 6*d + 16. What is r(4)?
-24
Let s(n) = 2022*n - 12125. What is s(6)?
7
Let a(t) = -5*t**2 + 90*t + 866. What is a(25)?
-9
Let o(f) = -4857*f + 14537. Determine o(3).
-34
Let y(z) = 11*z**3 - 329*z**2 + 290*z + 12. Calculate y(29).
12
Let t(a) = 93*a - 2536. What is t(28)?
68
Let f(o) = -8*o + 326. Calculate f(42).
-10
Let i(t) = t**3 - 6*t**2 + 23. Give i(4).
-9
Let p(k) = k**3 - 6*k**2 - 5*k + 64. Give p(4).
12
Let j(r) = -24*r + 836. Determine j(34).
20
Let f(j) = -2*j**2 + 30*j + 432. Calculate f(25).
-68
Let m(u) = 200*u**2 - u + 3. Give m(-1).
204
Let m(p) = -p**2 + 108*p - 2858. Determine m(58).
42
Let y(m) = m**2 - 94*m + 684. Give y(86).
-4
Let k(o) = 81*o + 723. Give k(-9).
-6
Let v(z) = -z**3 + 9*z**2 - 2*z + 32. What is v(11)?
-232
Let w(k) = 3*k**3 - 24*k**2 + 12*k + 59. What is w(7)?
-4
Let w(x) = -2*x**2 - 842*x - 4983. What is w(-6)?
-3
Let i(o) = 3*o**2 + 11*o + 13. What is i(-5)?
33
Let o(l) = 2*l**3 + 4*l**2 + 29*l + 120. Determine o(0).
120
Let s(j) = 5*j**2 - 62*j - 3. What is s(8)?
-179
Let s(t) = -t**2 - 37*t - 340. What is s(-15)?
-10
Let q(o) = 31*o**2 - 9*o + 10. Determine q(1).
32
Let f(o) = o**3 - 10*o**2 + 246*o - 3234. Give f(12).
6
Let o(s) = -2*s**3 + 2*s**2 + s + 2. Determine o(3).
-31
Let y(j) = 2*j**2 - 51*j + 226. Calculate y(6).
-8
Let j(u) = 6*u**3 + 122*u**2 - 84*u - 2. Determine j(-21).
-2
Let f(n) = 224*n - 34957. Calculate f(156).
-13
Let o(y) = y**3 - 11*y**2 + 12*y - 20. Determine o(2).
-32
Let c(m) = m**3 - 5*m**2 + 31*m - 226. Give c(6).
-4
Let y(h) = -h**2 + 179*h - 275. Give y(0).
-275
Let p(g) = -17*g**2 - 305*g + 1. Calculate p(0).
1
Let k(j) = 129*j - 887. Determine k(7).
16
Let v(z) = 472*z - 9436. Calculate v(20).
4
Let v(t) = -1108*t + 11077. Calculate v(10).
-3
Let q(i) = i**3 + 5*i**2 - 3*i - 16. What is q(-6)?
-34
Let f(u) = -1520*u + 106389. Determine f(70).
-11
Let f(u) = u**2 - 52*u - 918. Determine f(65).
-73
Let k(j) = 1164*j - 1147. Give k(1).
17
Let b(r) = 2*r**3 - 12*r**2 - 36*r + 12. What is b(8)?
-20
Let l(p) = -p**3 + 15*p**2 - p - 7. What is l(10)?
483
Let z(l) = l**3 - 17*l**2 - 63*l + 76. Calculate z(20).
16
Let c(i) = -9*i + 136. Give c(16).
-8
Let s(p) = 345*p**2 - 1015*p - 51. What is s(3)?
9
Let b(h) = 3*h**2 + 31*h - 26. What is b(-7)?
-96
Let q(n) = 16*n - 335. Calculate q(22).
17
Let h(r) = -r**3 + 112*r**2 - 182*r - 4177. Give h(110).
3
Let m(w) = -w**2 + 50*w - 365. Calculate m(41).
4
Let k(z) = z**3 + 21*z**2 - 4*z - 23. Give k(-22).
-419
Let t(h) = 2*h**3 - 94*h**2 - 114*h + 28. Determine t(48).
-836
Let h(t) = 6*t - 10. Calculate h(20).
110
Let a(j) = -15*j**3 + 119*j**2 + 17*j - 55. Calculate a(8).
17
Let k(d) = -d + 80. Calculate k(25).
55
Let p(d) = -d**2 + 40*d - 201. Calculate p(21).
198
Let b(a) = -a**3 - 7*a**2 - 1488*a - 10404. Determine b(-7).
12
Let